-- https://www.phpmyadmin.net/
--
-- Servidor: 127.0.0.1
-- Tiempo de generación: 11-05-2020 a las 15:38:13
-- Versión del servidor: 10.4.11-MariaDB
-- Versión de PHP: 7.2.26

START TRANSACTION;



--
-- Base de datos: `bd_adventista`
--

-- --------------------------------------------------------

--
-- Estructura de tabla para la tabla `t_carrera`
--

CREATE TABLE `t_carrera` (
  `id_carrera` smallint(6) NOT NULL,
  `desc_carrera` varchar(150) COLLATE utf8_unicode_ci NOT NULL,
  `sigla` varchar(7) COLLATE utf8_unicode_ci NOT NULL
) ENGINE=InnoDB DEFAULT CHARSET=utf8 COLLATE=utf8_unicode_ci;

--
-- Volcado de datos para la tabla `t_carrera`
--

INSERT INTO `t_carrera` (`id_carrera`, `desc_carrera`, `sigla`) VALUES
(40, 'Ensamblaje - I', 'ENS-1'),
(41, 'Ensamblaje - II', 'ENS-2'),
(42, 'Ensamblaje - III', 'ENS-III');

-- --------------------------------------------------------

--
-- Estructura de tabla para la tabla `t_civil`
--

CREATE TABLE `t_civil` (
  `id_civil` smallint(6) NOT NULL,
  `desc_civil` varchar(70) COLLATE utf8_spanish_ci NOT NULL
) ENGINE=InnoDB DEFAULT CHARSET=utf8 COLLATE=utf8_spanish_ci;

--
-- Volcado de datos para la tabla `t_civil`
--

INSERT INTO `t_civil` (`id_civil`, `desc_civil`) VALUES
(1, 'Soltera/o'),
(2, 'Casada/o'),
(3, 'Divorciada/o'),
(4, 'Viuda/o'),
(5, 'Concubina/o');

-- --------------------------------------------------------

--
-- Estructura de tabla para la tabla `t_contenido`
--

CREATE TABLE `t_contenido` (
  `id_contenido` smallint(6) NOT NULL,
  `id_carrera` smallint(6) DEFAULT NULL,
  `id_tipomaterial` smallint(6) DEFAULT NULL,
  `id_usuario` smallint(6) DEFAULT NULL,
  `titulo` varchar(250) COLLATE utf8_unicode_ci NOT NULL,
  `descripcion` text COLLATE utf8_unicode_ci NOT NULL,
  `fuente` varchar(100) COLLATE utf8_unicode_ci DEFAULT NULL,
  `archivo1` varchar(150) COLLATE utf8_unicode_ci NOT NULL,
  `archivo2` varchar(150) COLLATE utf8_unicode_ci DEFAULT NULL,
  `archivo3` varchar(150) COLLATE utf8_unicode_ci DEFAULT NULL,
  `fecha` date NOT NULL,
  `activo` tinyint(1) DEFAULT NULL
) ENGINE=InnoDB DEFAULT CHARSET=utf8 COLLATE=utf8_unicode_ci;

--
-- Volcado de datos para la tabla `t_contenido`
--

INSERT INTO `t_contenido` (`id_contenido`, `id_carrera`, `id_tipomaterial`, `id_usuario`, `titulo`, `descripcion`, `fuente`, `archivo1`, `archivo2`, `archivo3`, `fecha`, `activo`) VALUES
(4, 41, 1, 2, 'MI PRIMER VIDEO', '<p>Vas a llorar para que te perdone.</p>', 'Elaboración propia', 'https://www.youtube.com/watch?v=dY35CdKzb2c', NULL, NULL, '2020-04-27', 1),
(5, 41, 1, 2, 'MI SEGUNDO VIDEO', '<div style=\"text-align:start\">Acerca de estos datos</div>\r\n\r\n<div style=\"text-align:start\">\r\n<div>\r\n<div style=\"margin-left:0px; margin-right:0px\">\r\n<div style=\"margin-left:0px; margin-right:0px\">\r\n<div>Las estad&iacute;sticas cambian r&aacute;pidamente</div>\r\n\r\n<div>Estos datos cambian r&aacute;pidamente, por lo que es posible que no reflejen los casos confirmados recientes.</div>\r\n</div>\r\n\r\n<div style=\"margin-left:0px; margin-right:0px\">\r\n<div>Solo se incluyen las personas a las que se ha hecho la prueba</div>\r\n\r\n<div>En los casos solo se incluyen las personas a las que se ha hecho la prueba y han dado positivo. Las normas y la disponibilidad de la prueba var&iacute;an seg&uacute;n el pa&iacute;s. Puede que algunas zonas no tengan datos porque no se han publicado o porque los datos no son recientes.</div>\r\n</div>\r\n\r\n<div style=\"margin-left:0px; margin-right:0px\">\r\n<div>Los datos proceden de Wikipedia</div>\r\n\r\n<div>Los datos proceden de&nbsp;<a href=\"https://en.wikipedia.org/wiki/Template:2019%E2%80%9320_coronavirus_pandemic_data\" style=\"-webkit-tap-highlight-color: transparent; text-decoration: none; color: rgb(41, 98, 255);\">Wikipedia</a>&nbsp;y los casos se actualizan constantemente con recursos de todo el mundo. En el&nbsp;<a href=\"https://www.who.int/emergencies/diseases/novel-coronavirus-2019/situation-reports\" style=\"-webkit-tap-highlight-color: transparent; text-decoration: none; color: rgb(41, 98, 255);\">sitio web de la Organizaci&oacute;n Mundial de la Salud</a>&nbsp;se publican informes diarios sobre la situaci&oacute;n.</div>\r\n</div>\r\n\r\n<div style=\"margin-left:0px; margin-right:0px\">\r\n<div>&iquest;Por qu&eacute; aparecen datos de distintas fuentes?</div>\r\n\r\n<div>Hay varias fuentes que est&aacute;n registrando y agregando datos sobre el coronavirus. Estas fuentes actualizan la informaci&oacute;n en momentos distintos y pueden utilizar m&eacute;todos diferentes para obtener los datos.</div>\r\n</div>\r\n</div>\r\n</div>\r\n</div>', 'No Pirateado', 'https://www.youtube.com/watch?v=k2C7t3TIECs', NULL, NULL, '2020-05-01', 1),
(6, 40, 3, 2, 'MI PRIMER PDF', '<h3 style=\"color:#000000; font-style:normal; margin-left:0px; margin-right:0px; text-align:start\">Moderador o moderadora<span style=\"font-family:sans-serif; font-size:small\"><span style=\"color:#54595d\">[</span><a href=\"https://es.wikipedia.org/w/index.php?title=Foro_(t%C3%A9cnica_de_comunicaci%C3%B3n)&amp;action=edit&amp;section=5\" style=\"text-decoration: none; color: rgb(11, 0, 128); background: none;\" title=\"Editar sección: Moderador o moderadora\">editar</a><span style=\"color:#54595d\">]</span></span></h3>\r\n\r\n<p style=\"margin-left:0px; margin-right:0px; text-align:start\">Todas las discusiones en el foro son responsabilidad de sus autores y del administrador de la publicaci&oacute;n, es decir, el editor del sitio que aloja al foro. En consecuencia, para asegurarse de que se sigan los t&eacute;rminos y reglas de uso, y para cumplir con los requerimientos legales, los sitios que tienen foros de discusi&oacute;n suelen implementar un sistema de moderaci&oacute;n, es decir, una combinaci&oacute;n de esfuerzos humanos y herramientas t&eacute;cnicas que permiten a ciertas personas supervisar y eliminar mensajes que no respeten las reglas o que puedan causar problemas legales. Las personas que se encargan de esta tarea se denominan&nbsp;<strong>moderadores</strong>.<a href=\"https://es.wikipedia.org/wiki/Foro_(t%C3%A9cnica_de_comunicaci%C3%B3n)#cite_note-1\" style=\"text-decoration: none; color: rgb(11, 0, 128); background: none; white-space: nowrap;\">1</a>​</p>\r\n\r\n<p style=\"margin-left:0px; margin-right:0px; text-align:start\">El moderador es una parte esencial en un foro. Sus funciones mas destacadas son:</p>\r\n\r\n<ol style=\"margin-left:3.2em; margin-right:0px\">\r\n	<li>Anunciar el tema, hecho, problema o actividad que se va a discutir o analizar y lo ubica dentro del proceso.</li>\r\n	<li>Describe la actividad que se va a realizar, da las instrucciones sobre las normas que regulan la participaci&oacute;n de los asistentes.</li>\r\n	<li>Aplica la normativa a los usuarios infractores.</li>\r\n	<li>Solicita la salida de la persona que interfiere en el desarrollo.</li>\r\n	<li>Mantiene el orden dentro de los temas eliminando aquellos que no son de inter&eacute;s general o elimina respuestas fuera de &oacute;rbita.</li>\r\n	<li>Cierra el foro una vez que se resolvi&oacute; el problema, tema, hecho o actividad discernida cuando los usuarios se han desviado del tema.</li>\r\n</ol>\r\n\r\n<p style=\"margin-left:0px; margin-right:0px; text-align:start\">Existen dos clases de moderaci&oacute;n: la&nbsp;<strong>premoderaci&oacute;n</strong>, el moderador debe aprobar los mensajes que se van a publicar antes de aparecer en l&iacute;nea; y la&nbsp;<strong>postmoderaci&oacute;n</strong>, los mensajes que se ponen se publican autom&aacute;ticamente (aparecen en l&iacute;nea). El sitio se reserva el derecho de eliminar estos mensajes luego de su publicaci&oacute;n.<a href=\"https://es.wikipedia.org/wiki/Foro_(t%C3%A9cnica_de_comunicaci%C3%B3n)#cite_note-2\" style=\"text-decoration: none; color: rgb(11, 0, 128); background: none; white-space: nowrap;\">2</a>​</p>', NULL, '15882806906738.pdf', NULL, NULL, '2020-04-30', 1),
(7, 41, 3, 2, 'MI segundo PDF', '<pre>\r\n<span style=\"background-color:#f7faff; color:#660000\">$tContenido </span><span style=\"background-color:#f7faff\">= </span><strong>new </strong><span style=\"background-color:#f7faff\">Tcontenido();\r\n</span><strong>if</strong><span style=\"background-color:#f7faff\">(</span><span style=\"background-color:#f7faff; color:#660000\">$idTipo </span><span style=\"background-color:#f7faff\">== </span><span style=\"background-color:#f7faff; color:#0000ff\">1</span><span style=\"background-color:#f7faff\">)\r\n</span><span style=\"background-color:#f7faff\">    </span><span style=\"background-color:#f7faff; color:#660000\">$form </span><span style=\"background-color:#f7faff\">= </span><span style=\"background-color:#f7faff; color:#660000\">$this</span><span style=\"background-color:#f7faff\">-&gt;createForm(</span><strong>&#39;AppBundle\\Form\\TContenidoVideoType&#39;</strong><span style=\"background-color:#f7faff\">, </span><span style=\"background-color:#f7faff; color:#660000\">$tContenido</span><span style=\"background-color:#f7faff\">);\r\n</span><strong>if</strong><span style=\"background-color:#f7faff\">(</span><span style=\"background-color:#f7faff; color:#660000\">$idTipo </span><span style=\"background-color:#f7faff\">== </span><span style=\"background-color:#f7faff; color:#0000ff\">2</span><span style=\"background-color:#f7faff\">)\r\n</span><span style=\"background-color:#f7faff\">    </span><span style=\"background-color:#f7faff; color:#660000\">$form </span><span style=\"background-color:#f7faff\">= </span><span style=\"background-color:#f7faff; color:#660000\">$this</span><span style=\"background-color:#f7faff\">-&gt;createForm(</span><strong>&#39;AppBundle\\Form\\TContenidoArticuloType&#39;</strong><span style=\"background-color:#f7faff\">, </span><span style=\"background-color:#f7faff; color:#660000\">$tContenido</span><span style=\"background-color:#f7faff\">);\r\n</span><strong>if</strong><span style=\"background-color:#f7faff\">(</span><span style=\"background-color:#f7faff; color:#660000\">$idTipo </span><span style=\"background-color:#f7faff\">== </span><span style=\"background-color:#f7faff; color:#0000ff\">3</span><span style=\"background-color:#f7faff\">)\r\n</span><span style=\"background-color:#f7faff\">    </span><span style=\"background-color:#f7faff; color:#660000\">$form </span><span style=\"background-color:#f7faff\">= </span><span style=\"background-color:#f7faff; color:#660000\">$this</span><span style=\"background-color:#f7faff\">-&gt;createForm(</span><strong>&#39;AppBundle\\Form\\TContenidoPDFType&#39;</strong><span style=\"background-color:#f7faff\">, </span><span style=\"background-color:#f7faff; color:#660000\">$tContenido</span><span style=\"background-color:#f7faff\">);</span></pre>', 'INTERNET', '15882908738947.pdf', NULL, NULL, '2020-04-30', 1),
(8, 41, 2, 2, 'MI PRIMER ARTICULO', '<p><span style=\"background-color:#ffffff; color:#333333; font-family:Poppins,sans-serif; font-size:14px\">Con el prop&oacute;sito&nbsp;de potenciar la pertinencia de los procesos educativos en el &aacute;mbito de la Educaci&oacute;n de Personas J&oacute;venes y Adultas, DVV International en el marco de sus acciones, ha previsto realizar el Taller sobre &ldquo;El Aprendizaje Sist&eacute;mico y la Ense&ntilde;anza Sist&eacute;mica&rdquo;, el pr&oacute;ximo 14 de diciembre en la ciudad de El Alto, de acuerdo a programa adjunto.&nbsp;</span></p>\r\n\r\n<blockquote>\r\n<p><span style=\"background-color:#ffffff; color:#333333; font-family:Poppins,sans-serif; font-size:14px\">Con el prop&oacute;sito&nbsp;de potenciar la pertinencia de los procesos educativos en el &aacute;mbito de la Educaci&oacute;n de Personas J&oacute;venes y Adultas, DVV International en el marco de sus acciones, ha previsto realizar el Taller sobre &ldquo;El Aprendizaje Sist&eacute;mico y la Ense&ntilde;anza Sist&eacute;mica&rdquo;, el pr&oacute;ximo 14 de diciembre en la ciudad de El Alto, de acuerdo a programa adjunto.&nbsp;</span></p>\r\n</blockquote>', 'MI inspiración 3', '15883494774763.JPG', '15883494774964.pdf', '15883494775510.doc', '2020-05-02', 1),
(9, 41, 2, 2, 'MI SEGUNDO MATERIAL MIXTO', '<p>ESTO ES UNA PRUEBA.</p>', NULL, '15883704185441.mp3', '15883704189823.mp4', '15883704185677.xlsx', '2020-05-01', 1),
(10, 41, 3, 2, 'Mi tercer PDF', '<p>tercera prueba</p>', '124 ras', '15883788784943.pdf', NULL, NULL, '2020-05-01', 1),
(11, 41, 2, 2, 'MI TERCER MATERIAL MIXTO', '<p>Esta es la tercera prueba funcional.</p>', 'Tres fuentes diferentes.', '15884494316812.pdf', '15884494313888.pdf', '15884494316664.pdf', '2020-05-02', 1),
(12, 41, 3, 15, 'mi PDF como profa', '<p>Este ser&iacute;a mi texto. CORREGIDO</p>', NULL, '15884561052762.pdf', NULL, NULL, '2020-05-02', 1),
(13, 40, 1, 2, 'MICROPROCESADOR MX', '<p>TEXTO LO QUE SEA.</p>', 'Elaboración propia', 'https://www.youtube.com/watch?v=zVlGWVa88Z0', NULL, NULL, '2020-05-06', 1),
(14, 40, 2, 2, 'TECLADOS', '<p>TODOS LOS tipos de teclados. fdskfjksdf sdakjfdlasjf dsjafl dlf dklfjaldjfdaslkfja kdlasjfk jdaskfj kls ajfljsdj</p>', 'Pirateado', '15888053166817.mp3', '15888053169489.mp4', '15888053162847.docx', '2020-05-06', 1);

-- --------------------------------------------------------

--
-- Estructura de tabla para la tabla `t_curso`
--

CREATE TABLE `t_curso` (
  `id_curso` smallint(6) NOT NULL,
  `id_periodo` smallint(6) DEFAULT NULL,
  `id_usuario` smallint(6) DEFAULT NULL,
  `fecha_inicio` date NOT NULL,
  `fecha_fin` date NOT NULL,
  `id_turno` smallint(6) DEFAULT NULL,
  `paralelo` varchar(1) COLLATE utf8_spanish_ci NOT NULL,
  `participantes_prog` int(11) NOT NULL,
  `fecha_ini_efectivo` date DEFAULT NULL,
  `fecha_fin_efectivo` date DEFAULT NULL,
  `dias` varchar(100) COLLATE utf8_spanish_ci NOT NULL,
  `horas` varchar(100) COLLATE utf8_spanish_ci NOT NULL,
  `total_horas` int(11) NOT NULL,
  `horas_clases` int(11) DEFAULT NULL,
  `id_carrera` smallint(6) DEFAULT NULL
) ENGINE=InnoDB DEFAULT CHARSET=utf8 COLLATE=utf8_spanish_ci;

--
-- Volcado de datos para la tabla `t_curso`
--

INSERT INTO `t_curso` (`id_curso`, `id_periodo`, `id_usuario`, `fecha_inicio`, `fecha_fin`, `id_turno`, `paralelo`, `participantes_prog`, `fecha_ini_efectivo`, `fecha_fin_efectivo`, `dias`, `horas`, `total_horas`, `horas_clases`, `id_carrera`) VALUES
(122, 9, 5, '2020-04-01', '2020-04-08', 1, 'A', 20, NULL, NULL, '[\"Lunes\",\"Miercoles\",\"Jueves\"]', '2', 20, NULL, 40),
(124, 9, 15, '2020-04-29', '2020-04-30', 3, 'B', 23, NULL, NULL, '[\"Martes\"]', '2', 20, NULL, 41),
(125, 9, 5, '2020-05-07', '2020-05-20', 1, 'A', 12, NULL, NULL, '[\"Martes\"]', '2', 20, NULL, 42);

-- --------------------------------------------------------

--
-- Estructura de tabla para la tabla `t_distrito`
--

CREATE TABLE `t_distrito` (
  `id_distrito` smallint(6) NOT NULL,
  `desc_distrito` varchar(70) COLLATE utf8_spanish_ci DEFAULT NULL
) ENGINE=InnoDB DEFAULT CHARSET=utf8 COLLATE=utf8_spanish_ci;

--
-- Volcado de datos para la tabla `t_distrito`
--

INSERT INTO `t_distrito` (`id_distrito`, `desc_distrito`) VALUES
(5, 'Distrito 1'),
(6, 'Distrito 2'),
(7, 'Distrito 3'),
(8, 'Distrito 4'),
(9, 'Distrito 5'),
(10, 'Distrito 6'),
(11, 'Distrito 7'),
(12, 'Distrito 8'),
(13, 'Distrito 9'),
(14, 'Distrito 10'),
(15, 'Distrito 11'),
(16, 'Distrito 12'),
(17, 'Distrito 13'),
(18, 'Distrito 14');

-- --------------------------------------------------------

--
-- Estructura de tabla para la tabla `t_estado`
--

CREATE TABLE `t_estado` (
  `id_estado` smallint(6) NOT NULL,
  `desc_estado` varchar(80) COLLATE utf8_spanish_ci NOT NULL
) ENGINE=InnoDB DEFAULT CHARSET=utf8 COLLATE=utf8_spanish_ci;

--
-- Volcado de datos para la tabla `t_estado`
--

INSERT INTO `t_estado` (`id_estado`, `desc_estado`) VALUES
(1, 'Aprobado'),
(2, 'Reprobado'),
(3, 'Abandonó'),
(4, 'Nunca asistió'),
(5, 'Inscrito');

-- --------------------------------------------------------

--
-- Estructura de tabla para la tabla `t_estudiante`
--

CREATE TABLE `t_estudiante` (
  `id_estudiante` smallint(6) NOT NULL,
  `carnet` varchar(10) COLLATE utf8_spanish_ci NOT NULL,
  `paterno` varchar(50) COLLATE utf8_spanish_ci DEFAULT NULL,
  `materno` varchar(50) COLLATE utf8_spanish_ci DEFAULT NULL,
  `nombre` varchar(60) COLLATE utf8_spanish_ci NOT NULL,
  `genero` varchar(1) COLLATE utf8_spanish_ci NOT NULL,
  `nacimiento` date NOT NULL,
  `id_civil` smallint(6) DEFAULT NULL,
  `id_ocupacion` smallint(6) DEFAULT NULL,
  `direccion` varchar(70) COLLATE utf8_spanish_ci NOT NULL,
  `zona` varchar(50) COLLATE utf8_spanish_ci NOT NULL,
  `telefono` int(11) NOT NULL,
  `correo` varchar(60) COLLATE utf8_spanish_ci DEFAULT NULL,
  `id_grado` smallint(6) DEFAULT NULL,
  `id_provincia` smallint(6) DEFAULT NULL,
  `id_distrito` smallint(6) DEFAULT NULL,
  `observaciones` varchar(200) COLLATE utf8_spanish_ci DEFAULT NULL,
  `foto` varchar(80) COLLATE utf8_spanish_ci DEFAULT NULL
) ENGINE=InnoDB DEFAULT CHARSET=utf8 COLLATE=utf8_spanish_ci;

--
-- Volcado de datos para la tabla `t_estudiante`
--

INSERT INTO `t_estudiante` (`id_estudiante`, `carnet`, `paterno`, `materno`, `nombre`, `genero`, `nacimiento`, `id_civil`, `id_ocupacion`, `direccion`, `zona`, `telefono`, `correo`, `id_grado`, `id_provincia`, `id_distrito`, `observaciones`, `foto`) VALUES
(1933, '3498814', 'Siña', 'Alia', 'Car', 'H', '2020-04-29', 1, NULL, 'Mi casa', 'San Pedro', 67163778, NULL, 1, 15, 17, NULL, '1587340231.jpg'),
(1934, '1234', 'Bellido', NULL, 'Gary', 'H', '2020-04-22', NULL, NULL, 'Su Casa', 'San Antonio', 1234, 'gary@gmail.com', NULL, 18, 6, NULL, 'estudiante_generica.jpg'),
(1935, '12345678', 'estudiante', 'estudiante', 'estudiante', 'M', '2020-05-12', 1, NULL, '122344%%%%%%&/((((())=:::545345454', '2·$·$·\"$%$%$FGSFGSFGSFGFGSDdddfg', 88484848, '34934837493748734@@@@@fhhfhfhfhf.com', 1, 2, 8, 'jfkjkfjkffhfhfhfhf', 'estudiante_generica.jpg'),
(1936, '87654321', 'Carlos', 'Mendieta', 'Rafo', 'H', '2020-05-26', 1, NULL, 'Su Casa', 'San Antonio', 67163778, 'gary@gmail.com', 1, 16, 17, NULL, 'estudiante_generica.jpg');

-- --------------------------------------------------------

--
-- Estructura de tabla para la tabla `t_evaluacion`
--

CREATE TABLE `t_evaluacion` (
  `id_evaluacion` smallint(6) NOT NULL,
  `id_curso` smallint(6) DEFAULT NULL,
  `titulo` varchar(240) COLLATE utf8_unicode_ci NOT NULL,
  `numero_preguntas` smallint(6) DEFAULT NULL,
  `fecha_creacion` date NOT NULL,
  `fecha_inicio` datetime NOT NULL,
  `fecha_fin` datetime NOT NULL,
  `minutos` smallint(6) DEFAULT NULL,
  `activo` tinyint(1) DEFAULT NULL
) ENGINE=InnoDB DEFAULT CHARSET=utf8 COLLATE=utf8_unicode_ci;

--
-- Volcado de datos para la tabla `t_evaluacion`
--

INSERT INTO `t_evaluacion` (`id_evaluacion`, `id_curso`, `titulo`, `numero_preguntas`, `fecha_creacion`, `fecha_inicio`, `fecha_fin`, `minutos`, `activo`) VALUES
(5, 124, 'MI SEGUNDA EVALUACIÓN', 5, '2020-04-17', '2020-04-20 04:33:00', '2020-05-08 18:03:00', 2, 1),
(6, 122, 'segunda evaluacion', 2, '2020-05-06', '2020-05-01 08:30:00', '2020-05-15 18:20:00', 3, 1);

-- --------------------------------------------------------

--
-- Estructura de tabla para la tabla `t_grado`
--

CREATE TABLE `t_grado` (
  `id_grado` smallint(6) NOT NULL,
  `desc_grado` varchar(70) COLLATE utf8_spanish_ci NOT NULL
) ENGINE=InnoDB DEFAULT CHARSET=utf8 COLLATE=utf8_spanish_ci;

--
-- Volcado de datos para la tabla `t_grado`
--

INSERT INTO `t_grado` (`id_grado`, `desc_grado`) VALUES
(1, 'Sin instrucción'),
(2, 'Primaria'),
(3, 'Secundaria'),
(4, 'Bachiller'),
(5, 'Técnico Medio'),
(6, 'Técnico Superior'),
(7, 'Licenciatura'),
(8, 'Otros');

-- --------------------------------------------------------

--
-- Estructura de tabla para la tabla `t_inscripcion`
--

CREATE TABLE `t_inscripcion` (
  `id_inscripcion` smallint(6) NOT NULL,
  `id_estudiante` smallint(6) DEFAULT NULL,
  `id_curso` smallint(6) DEFAULT NULL,
  `id_usuario` smallint(6) DEFAULT NULL,
  `id_estado` smallint(6) DEFAULT NULL,
  `asistencia` smallint(6) DEFAULT NULL,
  `nota` smallint(6) DEFAULT NULL,
  `transversal` smallint(6) DEFAULT NULL
) ENGINE=InnoDB DEFAULT CHARSET=utf8 COLLATE=utf8_spanish_ci;

--
-- Volcado de datos para la tabla `t_inscripcion`
--

INSERT INTO `t_inscripcion` (`id_inscripcion`, `id_estudiante`, `id_curso`, `id_usuario`, `id_estado`, `asistencia`, `nota`, `transversal`) VALUES
(2463, 1933, 122, 2, 2, 95, 0, 79),
(2464, 1933, 124, NULL, 5, NULL, 5, NULL),
(2465, 1934, 124, NULL, 5, NULL, 12, NULL),
(2468, 1935, 122, 2, 3, 10, 100, 90),
(2470, 1936, 125, NULL, 5, NULL, NULL, NULL),
(2471, 1936, 124, NULL, 5, NULL, NULL, NULL);

-- --------------------------------------------------------

--
-- Estructura de tabla para la tabla `t_ocupacion`
--

CREATE TABLE `t_ocupacion` (
  `id_ocupacion` smallint(6) NOT NULL,
  `desc_ocupacion` varchar(70) COLLATE utf8_spanish_ci NOT NULL
) ENGINE=InnoDB DEFAULT CHARSET=utf8 COLLATE=utf8_spanish_ci;

--
-- Volcado de datos para la tabla `t_ocupacion`
--

INSERT INTO `t_ocupacion` (`id_ocupacion`, `desc_ocupacion`) VALUES
(5, 'Distrito 1'),
(6, 'Distrito 2'),
(7, 'Distrito 3'),
(8, 'Distrito 4'),
(9, 'Distrito 5'),
(10, 'Distrito 6'),
(11, 'Distrito 7'),
(12, 'Distrito 8'),
(13, 'Distrito 9'),
(14, 'Distrito 10'),
(15, 'Distrito 11'),
(16, 'Distrito 12'),
(17, 'Distrito 13'),
(18, 'Distrito 14');

-- --------------------------------------------------------

--
-- Estructura de tabla para la tabla `t_periodo`
--

CREATE TABLE `t_periodo` (
  `id_periodo` smallint(6) NOT NULL,
  `semestre` varchar(50) COLLATE utf8_spanish_ci NOT NULL,
  `gestion` varchar(4) COLLATE utf8_spanish_ci NOT NULL,
  `activo` tinyint(1) DEFAULT NULL
) ENGINE=InnoDB DEFAULT CHARSET=utf8 COLLATE=utf8_spanish_ci;

--
-- Volcado de datos para la tabla `t_periodo`
--

INSERT INTO `t_periodo` (`id_periodo`, `semestre`, `gestion`, `activo`) VALUES
(8, 'Primer Trimestre', '2020', 0),
(9, 'Segundo Trimestre', '2020', 1);

-- --------------------------------------------------------

--
-- Estructura de tabla para la tabla `t_pregunta`
--

CREATE TABLE `t_pregunta` (
  `id_pregunta` int(11) NOT NULL,
  `id_evaluacion` smallint(6) DEFAULT NULL,
  `numero_pregunta` int(11) NOT NULL,
  `pregunta` text COLLATE utf8_unicode_ci NOT NULL,
  `alternativa1` text COLLATE utf8_unicode_ci NOT NULL,
  `alternativa2` text COLLATE utf8_unicode_ci NOT NULL,
  `alternativa3` text COLLATE utf8_unicode_ci NOT NULL,
  `puntaje` smallint(6) NOT NULL,
  `respuesta_correcta` varchar(1) COLLATE utf8_unicode_ci NOT NULL,
  `activo` tinyint(1) DEFAULT NULL
) ENGINE=InnoDB DEFAULT CHARSET=utf8 COLLATE=utf8_unicode_ci;

--
-- Volcado de datos para la tabla `t_pregunta`
--

INSERT INTO `t_pregunta` (`id_pregunta`, `id_evaluacion`, `numero_pregunta`, `pregunta`, `alternativa1`, `alternativa2`, `alternativa3`, `puntaje`, `respuesta_correcta`, `activo`) VALUES
(2, 5, 1, '<p>Sumar <strong>3 </strong>+ <strong>3</strong></p>\r\n\r\n<p><strong>Y luego dividir entre 2</strong></p>', '<p>4</p>', '<p>8 ddsfdfd</p>', '<p>3</p>', 2, 'D', 1),
(3, 5, 2, '<p>Cual de estas opciones es lo verdadero?</p>\r\n\r\n<ul>\r\n	<li>dos.</li>\r\n	<li>uno.</li>\r\n	<li>tres.</li>\r\n</ul>\r\n\r\n<p>&nbsp;</p>\r\n\r\n<p>&nbsp;</p>', '<blockquote>\r\n<p>Al separar la informaci&oacute;n de la base de datos en un archivo separado, puede mantener diferentes versiones del archivo en cada servidor.&nbsp;Tambi&eacute;n puede almacenar la configuraci&oacute;n de la base de datos (o cualquier informaci&oacute;n confidencial) fuera de su proyecto, como dentro de su configuraci&oacute;n de Apache, por ejemplo.&nbsp;Para obtener m&aacute;s informaci&oacute;n, consulte&nbsp;<a class=\"reference internal\" href=\"https://symfony.com/doc/3.4/configuration/external_parameters.html\" style=\"box-sizing:border-box; background-color:#ffffff; color:var(--link-color); text-decoration:none; font-family:&quot;Lucida Grande&quot;, &quot;Lucida Sans Unicode&quot;, &quot;Lucida Sans&quot;, Geneva, Verdana, sans-serif; font-size:14px; font-style:normal; font-variant-ligatures:normal; font-weight:400; text-align:start; white-space:normal\"><em>C&oacute;mo establecer par&aacute;metros externos en el contenedor de servicios</em></a></p>\r\n</blockquote>', '<p>linea 2k</p>', '<p>linea 3</p>', 10, 'A', 1),
(4, 6, 1, '<p>&iquest;se puede fectuar ?</p>', '<p>si</p>', '<p>no</p>', '<p>talver</p>', 100, 'B', 1),
(5, 6, 2, '<p>Cuato es 2 y 2</p>', '<p>4</p>', '<p>22</p>', '<p>5</p>', 20, 'B', 1);

-- --------------------------------------------------------

--
-- Estructura de tabla para la tabla `t_procedencia`
--

CREATE TABLE `t_procedencia` (
  `id_procedencia` smallint(6) NOT NULL,
  `desc_procedencia` varchar(100) COLLATE utf8_spanish_ci NOT NULL
) ENGINE=InnoDB DEFAULT CHARSET=utf8 COLLATE=utf8_spanish_ci;

-- --------------------------------------------------------

--
-- Estructura de tabla para la tabla `t_provincia`
--

CREATE TABLE `t_provincia` (
  `id_provincia` smallint(6) NOT NULL,
  `desc_provincia` varchar(70) COLLATE utf8_spanish_ci NOT NULL,
  `departamento` varchar(50) COLLATE utf8_spanish_ci NOT NULL
) ENGINE=InnoDB DEFAULT CHARSET=utf8 COLLATE=utf8_spanish_ci;

--
-- Volcado de datos para la tabla `t_provincia`
--

INSERT INTO `t_provincia` (`id_provincia`, `desc_provincia`, `departamento`) VALUES
(1, 'Ciudad de El Alto - Murillo', 'La Paz'),
(2, 'Ciudad de La Paz - Murillo', 'La Paz'),
(3, 'Omasuyos', 'La Paz'),
(4, 'Pacajes', 'La Paz'),
(5, 'Camacho', 'La Paz'),
(6, 'Muñecas', 'La Paz'),
(7, 'Larecaja', 'La Paz'),
(8, 'Franz Tamayo', 'La Paz'),
(9, 'Ingavi', 'La Paz'),
(10, 'Loayza', 'La Paz'),
(11, 'Inquisivi', 'La Paz'),
(12, 'Sur Yungas', 'La Paz'),
(13, 'Los Andes', 'La Paz'),
(14, 'Aroma', 'La Paz'),
(15, 'Nor Yungas', 'La Paz'),
(16, 'Abel Iturralde', 'La Paz'),
(17, 'Bautista Saavedra', 'La Paz'),
(18, 'Manco Kapac', 'La Paz'),
(19, 'Gualberto Villarroel', 'La Paz'),
(20, 'Gral. J. Manuel Pando', 'La Paz'),
(21, 'Caranavi', 'La Paz'),
(22, 'Oropeza', 'Chuquisaca'),
(23, 'Azurduy', 'Chuquisaca'),
(24, 'Zudañez', 'Chuquisaca'),
(25, 'Tomina', 'Chuquisaca'),
(26, 'Hernando Siles', 'Chuquisaca'),
(27, 'Yamparaez', 'Chuquisaca'),
(28, 'Nor Cinti', 'Chuquisaca'),
(29, 'Belisario Boeto', 'Chuquisaca'),
(30, 'Sud Cinti', 'Chuquisaca'),
(31, 'Luis Calvo', 'Chuquisaca'),
(32, 'Cercado', 'Cochabamba'),
(33, 'Campero', 'Cochabamba'),
(34, 'Ayopaya', 'Cochabamba'),
(35, 'Esteban Arce', 'Cochabamba'),
(36, 'Arani', 'Cochabamba'),
(37, 'Arque', 'Cochabamba'),
(38, 'Capinota', 'Cochabamba'),
(39, 'German Jordan', 'Cochabamba'),
(40, 'Quillacollo', 'Cochabamba'),
(41, 'Chapare', 'Cochabamba'),
(42, 'Tapacari', 'Cochabamba'),
(43, 'Carrasco', 'Cochabamba'),
(44, 'Mizque', 'Cochabamba'),
(45, 'Punata', 'Cochabamba'),
(46, 'Bolivar', 'Cochabamba'),
(47, 'Tiraque', 'Cochabamba'),
(48, 'Cercado', 'Oruro'),
(49, 'Abaroa', 'Oruro'),
(50, 'Carangas', 'Oruro'),
(51, 'Sajama', 'Oruro'),
(52, 'Litoral', 'Oruro'),
(53, 'Poopo', 'Oruro'),
(54, 'Pantaleon Dalence', 'Oruro'),
(55, 'Ladislao Cabrera', 'Oruro'),
(56, 'Sabaya', 'Oruro'),
(57, 'Saucari', 'Oruro'),
(58, 'Tomas Barron', 'Oruro'),
(59, 'Sur Carangas', 'Oruro'),
(60, 'S. Pedro de Totora', 'Oruro'),
(61, 'Sebastian Pagador', 'Oruro'),
(62, 'Mejillones', 'Oruro'),
(63, 'Nor Carangas', 'Oruro'),
(64, 'Tomas Frias', 'Potosí'),
(65, 'Rafael Bustillo', 'Potosí'),
(66, 'Cornelio Saavedra', 'Potosí'),
(67, 'Chayanta', 'Potosí'),
(68, 'Charcas', 'Potosí'),
(69, 'Nor Chichas', 'Potosí'),
(70, 'Alonzo de Ibañez', 'Potosí'),
(71, 'Sur Chichas', 'Potosí'),
(72, 'Nor Lipez', 'Potosí'),
(73, 'Sur Lipez', 'Potosí'),
(74, 'Jose Maria Linares', 'Potosí'),
(75, 'Antonio Quijarro', 'Potosí'),
(76, 'Gral. B. Bilbao', 'Potosí'),
(77, 'Daniel Campos', 'Potosí'),
(78, 'Modesto Omiste', 'Potosí'),
(79, 'Enrique Baldiviezo', 'Potosí'),
(80, 'Cercado', 'Tarija'),
(81, 'Arce', 'Tarija'),
(82, 'Gran Chaco', 'Tarija'),
(83, 'Avilez', 'Tarija'),
(84, 'Mendez', 'Tarija'),
(85, 'Burnet O\' Connor', 'Tarija'),
(86, 'Andres Ibañez', 'Santa Cruz'),
(87, 'Warnes', 'Santa Cruz'),
(88, 'Velasco', 'Santa Cruz'),
(89, 'Ichilo', 'Santa Cruz'),
(90, 'Chiquitos', 'Santa Cruz'),
(91, 'Sara', 'Santa Cruz'),
(92, 'Cordillera', 'Santa Cruz'),
(93, 'Vallegrande', 'Santa Cruz'),
(94, 'Florida', 'Santa Cruz'),
(95, 'Obispo Santiestevan', 'Santa Cruz'),
(96, 'Ñuflo de Chavez', 'Santa Cruz'),
(97, 'Angel Sandoval', 'Santa Cruz'),
(98, 'Caballero', 'Santa Cruz'),
(99, 'German Busch', 'Santa Cruz'),
(100, 'Guarayos', 'Santa Cruz'),
(101, 'Cercado', 'Beni'),
(102, 'Vaca Diez', 'Beni'),
(103, 'Gral. J. Ballivian', 'Beni'),
(104, 'Yacuma', 'Beni'),
(105, 'Moxos', 'Beni'),
(106, 'Marban', 'Beni'),
(107, 'Mamore', 'Beni'),
(108, 'Itenez', 'Beni'),
(109, 'Nicolas Suarez', 'Pando'),
(110, 'Manuripi', 'Pando'),
(111, 'Madre de Dios', 'Pando'),
(112, 'Abuna', 'Pando'),
(113, 'Gral. Federico Roman', 'Pando'),
(114, 'Extranjero', 'Otro País');

-- --------------------------------------------------------

--
-- Estructura de tabla para la tabla `t_respuesta`
--

CREATE TABLE `t_respuesta` (
  `id_respuesta` int(11) NOT NULL,
  `id_pregunta` int(11) DEFAULT NULL,
  `id_inscripcion` smallint(6) DEFAULT NULL,
  `id_evaluacion` smallint(6) DEFAULT NULL,
  `respuesta` varchar(1) COLLATE utf8_unicode_ci DEFAULT NULL,
  `puntaje_obtenido` smallint(6) DEFAULT NULL
) ENGINE=InnoDB DEFAULT CHARSET=utf8 COLLATE=utf8_unicode_ci;

--
-- Volcado de datos para la tabla `t_respuesta`
--

INSERT INTO `t_respuesta` (`id_respuesta`, `id_pregunta`, `id_inscripcion`, `id_evaluacion`, `respuesta`, `puntaje_obtenido`) VALUES
(300, 2, 2464, 5, 'A', 2),
(301, 3, 2464, 5, 'C', 3),
(325, 2, 2465, 5, 'D', 2),
(326, 3, 2465, 5, 'A', 10),
(327, 4, 2463, 6, 'C', 0);

-- --------------------------------------------------------

--
-- Estructura de tabla para la tabla `t_rol`
--

CREATE TABLE `t_rol` (
  `id_rol` smallint(6) NOT NULL,
  `rlDescripcion` varchar(100) COLLATE utf8_spanish_ci NOT NULL,
  `rlSigla` varchar(20) COLLATE utf8_spanish_ci NOT NULL
) ENGINE=InnoDB DEFAULT CHARSET=utf8 COLLATE=utf8_spanish_ci;

--
-- Volcado de datos para la tabla `t_rol`
--

INSERT INTO `t_rol` (`id_rol`, `rlDescripcion`, `rlSigla`) VALUES
(1, 'ROLE_ADMINISTRADOR', 'ADMINISTRADOR'),
(2, 'ROLE_TECNICO', 'TÉCNICO'),
(3, 'ROLE_PROFESOR', 'PROFESOR'),
(4, 'ROLE_LECTURA', 'EJECUTIVO'),
(5, 'ROLE_ESTUDIANTE', 'ESTUDIANTE');

-- --------------------------------------------------------

--
-- Estructura de tabla para la tabla `t_tipomaterial`
--

CREATE TABLE `t_tipomaterial` (
  `id_tipomaterial` smallint(6) NOT NULL,
  `nombre` varchar(100) COLLATE utf8_unicode_ci NOT NULL
) ENGINE=InnoDB DEFAULT CHARSET=utf8 COLLATE=utf8_unicode_ci;

--
-- Volcado de datos para la tabla `t_tipomaterial`
--

INSERT INTO `t_tipomaterial` (`id_tipomaterial`, `nombre`) VALUES
(1, 'Videos'),
(2, 'Artículos'),
(3, 'Descargas PDF');

-- --------------------------------------------------------

--
-- Estructura de tabla para la tabla `t_turno`
--

CREATE TABLE `t_turno` (
  `id_turno` smallint(6) NOT NULL,
  `desc_turno` varchar(70) COLLATE utf8_spanish_ci NOT NULL
) ENGINE=InnoDB DEFAULT CHARSET=utf8 COLLATE=utf8_spanish_ci;

--
-- Volcado de datos para la tabla `t_turno`
--

INSERT INTO `t_turno` (`id_turno`, `desc_turno`) VALUES
(1, 'Mañana'),
(2, 'Tarde'),
(3, 'Noche');

--
-- Índices para tablas volcadas
--

--
-- Indices de la tabla `t_carrera`
--
ALTER TABLE `t_carrera`
  ADD PRIMARY KEY (`id_carrera`);

--
-- Indices de la tabla `t_civil`
--
ALTER TABLE `t_civil`
  ADD PRIMARY KEY (`id_civil`);

--
-- Indices de la tabla `t_contenido`
--
ALTER TABLE `t_contenido`
  ADD PRIMARY KEY (`id_contenido`),
  ADD KEY `id_carrera` (`id_carrera`),
  ADD KEY `id_tipomaterial` (`id_tipomaterial`),
  ADD KEY `id_usuario` (`id_usuario`);

--
-- Indices de la tabla `t_curso`
--
ALTER TABLE `t_curso`
  ADD PRIMARY KEY (`id_curso`),
  ADD KEY `id_periodo` (`id_periodo`),
  ADD KEY `id_turno` (`id_turno`),
  ADD KEY `id_usuario` (`id_usuario`),
  ADD KEY `id_carrera` (`id_carrera`);

--
-- Indices de la tabla `t_distrito`
--
ALTER TABLE `t_distrito`
  ADD PRIMARY KEY (`id_distrito`);

--
-- Indices de la tabla `t_estado`
--
ALTER TABLE `t_estado`
  ADD PRIMARY KEY (`id_estado`);

--
-- Indices de la tabla `t_estudiante`
--
ALTER TABLE `t_estudiante`
  ADD PRIMARY KEY (`id_estudiante`),
  ADD KEY `id_civil` (`id_civil`),
  ADD KEY `id_grado` (`id_grado`),
  ADD KEY `id_ocupacion` (`id_ocupacion`),
  ADD KEY `id_provincia` (`id_provincia`),
  ADD KEY `id_distrito` (`id_distrito`);

--
-- Indices de la tabla `t_evaluacion`
--
ALTER TABLE `t_evaluacion`
  ADD PRIMARY KEY (`id_evaluacion`),
  ADD KEY `id_curso` (`id_curso`);

--
-- Indices de la tabla `t_grado`
--
ALTER TABLE `t_grado`
  ADD PRIMARY KEY (`id_grado`);

--
-- Indices de la tabla `t_inscripcion`
--
ALTER TABLE `t_inscripcion`
  ADD PRIMARY KEY (`id_inscripcion`),
  ADD KEY `id_curso` (`id_curso`),
  ADD KEY `id_estado` (`id_estado`),
  ADD KEY `id_estudiante` (`id_estudiante`),
  ADD KEY `id_usuario` (`id_usuario`);

--
-- Indices de la tabla `t_ocupacion`
--
ALTER TABLE `t_ocupacion`
  ADD PRIMARY KEY (`id_ocupacion`);

--
-- Indices de la tabla `t_periodo`
--
ALTER TABLE `t_periodo`
  ADD PRIMARY KEY (`id_periodo`);

--
-- Indices de la tabla `t_pregunta`
--
ALTER TABLE `t_pregunta`
  ADD PRIMARY KEY (`id_pregunta`),
  ADD KEY `id_evaluacion` (`id_evaluacion`);

--
-- Indices de la tabla `t_procedencia`
--
ALTER TABLE `t_procedencia`
  ADD PRIMARY KEY (`id_procedencia`);

--
-- Indices de la tabla `t_provincia`
--
ALTER TABLE `t_provincia`
  ADD PRIMARY KEY (`id_provincia`);

--
-- Indices de la tabla `t_respuesta`
--
ALTER TABLE `t_respuesta`
  ADD PRIMARY KEY (`id_respuesta`),
  ADD KEY `id_pregunta` (`id_pregunta`),
  ADD KEY `id_inscripcion` (`id_inscripcion`),
  ADD KEY `id_evaluacion` (`id_evaluacion`);

--
-- Indices de la tabla `t_rol`
--
ALTER TABLE `t_rol`
  ADD PRIMARY KEY (`id_rol`);

--
-- Indices de la tabla `t_tipomaterial`
--
ALTER TABLE `t_tipomaterial`
  ADD PRIMARY KEY (`id_tipomaterial`);

--
-- Indices de la tabla `t_turno`
--
ALTER TABLE `t_turno`
  ADD PRIMARY KEY (`id_turno`);

--
-- AUTO_INCREMENT de las tablas volcadas
--

--
-- AUTO_INCREMENT de la tabla `t_carrera`
--
ALTER TABLE `t_carrera`
  MODIFY `id_carrera` smallint(6) NOT NULL AUTO_INCREMENT, AUTO_INCREMENT=43;

--
-- AUTO_INCREMENT de la tabla `t_civil`
--
ALTER TABLE `t_civil`
  MODIFY `id_civil` smallint(6) NOT NULL AUTO_INCREMENT, AUTO_INCREMENT=6;

--
-- AUTO_INCREMENT de la tabla `t_contenido`
--
ALTER TABLE `t_contenido`
  MODIFY `id_contenido` smallint(6) NOT NULL AUTO_INCREMENT, AUTO_INCREMENT=15;

--
-- AUTO_INCREMENT de la tabla `t_curso`
--
ALTER TABLE `t_curso`
  MODIFY `id_curso` smallint(6) NOT NULL AUTO_INCREMENT, AUTO_INCREMENT=126;

--
-- AUTO_INCREMENT de la tabla `t_distrito`
--
ALTER TABLE `t_distrito`
  MODIFY `id_distrito` smallint(6) NOT NULL AUTO_INCREMENT, AUTO_INCREMENT=19;

--
-- AUTO_INCREMENT de la tabla `t_estado`
--
ALTER TABLE `t_estado`
  MODIFY `id_estado` smallint(6) NOT NULL AUTO_INCREMENT, AUTO_INCREMENT=6;

--
-- AUTO_INCREMENT de la tabla `t_estudiante`
--
ALTER TABLE `t_estudiante`
  MODIFY `id_estudiante` smallint(6) NOT NULL AUTO_INCREMENT, AUTO_INCREMENT=1937;

--
-- AUTO_INCREMENT de la tabla `t_evaluacion`
--
ALTER TABLE `t_evaluacion`
  MODIFY `id_evaluacion` smallint(6) NOT NULL AUTO_INCREMENT, AUTO_INCREMENT=7;

--
-- AUTO_INCREMENT de la tabla `t_grado`
--
ALTER TABLE `t_grado`
  MODIFY `id_grado` smallint(6) NOT NULL AUTO_INCREMENT, AUTO_INCREMENT=9;

--
-- AUTO_INCREMENT de la tabla `t_inscripcion`
--
ALTER TABLE `t_inscripcion`
  MODIFY `id_inscripcion` smallint(6) NOT NULL AUTO_INCREMENT, AUTO_INCREMENT=2472;

--
-- AUTO_INCREMENT de la tabla `t_ocupacion`
--
ALTER TABLE `t_ocupacion`
  MODIFY `id_ocupacion` smallint(6) NOT NULL AUTO_INCREMENT, AUTO_INCREMENT=19;

--
-- AUTO_INCREMENT de la tabla `t_periodo`
--
ALTER TABLE `t_periodo`
  MODIFY `id_periodo` smallint(6) NOT NULL AUTO_INCREMENT, AUTO_INCREMENT=10;

--
-- AUTO_INCREMENT de la tabla `t_pregunta`
--
ALTER TABLE `t_pregunta`
  MODIFY `id_pregunta` int(11) NOT NULL AUTO_INCREMENT, AUTO_INCREMENT=6;

--
-- AUTO_INCREMENT de la tabla `t_procedencia`
--
ALTER TABLE `t_procedencia`
  MODIFY `id_procedencia` smallint(6) NOT NULL AUTO_INCREMENT;

--
-- AUTO_INCREMENT de la tabla `t_provincia`
--
ALTER TABLE `t_provincia`
  MODIFY `id_provincia` smallint(6) NOT NULL AUTO_INCREMENT, AUTO_INCREMENT=115;

--
-- AUTO_INCREMENT de la tabla `t_respuesta`
--
ALTER TABLE `t_respuesta`
  MODIFY `id_respuesta` int(11) NOT NULL AUTO_INCREMENT, AUTO_INCREMENT=330;

--
-- AUTO_INCREMENT de la tabla `t_rol`
--
ALTER TABLE `t_rol`
  MODIFY `id_rol` smallint(6) NOT NULL AUTO_INCREMENT, AUTO_INCREMENT=6;

--
-- AUTO_INCREMENT de la tabla `t_tipomaterial`
--
ALTER TABLE `t_tipomaterial`
  MODIFY `id_tipomaterial` smallint(6) NOT NULL AUTO_INCREMENT, AUTO_INCREMENT=4;

--
-- AUTO_INCREMENT de la tabla `t_turno`
--
ALTER TABLE `t_turno`
  MODIFY `id_turno` smallint(6) NOT NULL AUTO_INCREMENT, AUTO_INCREMENT=5;

--
-- Restricciones para tablas volcadas
--

--
-- Filtros para la tabla `t_contenido`
--
ALTER TABLE `t_contenido`
  ADD CONSTRAINT `FK_5BCD608911836440` FOREIGN KEY (`id_carrera`) REFERENCES `t_carrera` (`id_carrera`),
  ADD CONSTRAINT `FK_5BCD608938CEC03A` FOREIGN KEY (`id_tipomaterial`) REFERENCES `t_tipomaterial` (`id_tipomaterial`),
  ADD CONSTRAINT `FK_5BCD6089FCF8192D` FOREIGN KEY (`id_usuario`) REFERENCES `t_usuario` (`id_usuario`);

--
-- Filtros para la tabla `t_curso`
--
ALTER TABLE `t_curso`
  ADD CONSTRAINT `FK_748A269511836440` FOREIGN KEY (`id_carrera`) REFERENCES `t_carrera` (`id_carrera`),
  ADD CONSTRAINT `FK_t_curso_t_periodo` FOREIGN KEY (`id_periodo`) REFERENCES `t_periodo` (`id_periodo`),
  ADD CONSTRAINT `FK_t_curso_t_turno` FOREIGN KEY (`id_turno`) REFERENCES `t_turno` (`id_turno`),
  ADD CONSTRAINT `FK_t_curso_t_usuario` FOREIGN KEY (`id_usuario`) REFERENCES `t_usuario` (`id_usuario`);

--
-- Filtros para la tabla `t_estudiante`
--
ALTER TABLE `t_estudiante`
  ADD CONSTRAINT `FK_6F6A02DDEEFCF568` FOREIGN KEY (`id_distrito`) REFERENCES `t_distrito` (`id_distrito`),
  ADD CONSTRAINT `FK_t_estudiante_t_civil` FOREIGN KEY (`id_civil`) REFERENCES `t_civil` (`id_civil`),
  ADD CONSTRAINT `FK_t_estudiante_t_grado` FOREIGN KEY (`id_grado`) REFERENCES `t_grado` (`id_grado`),
  ADD CONSTRAINT `FK_t_estudiante_t_ocupacion` FOREIGN KEY (`id_ocupacion`) REFERENCES `t_ocupacion` (`id_ocupacion`),
  ADD CONSTRAINT `FK_t_estudiante_t_provincia` FOREIGN KEY (`id_provincia`) REFERENCES `t_provincia` (`id_provincia`);

--
-- Filtros para la tabla `t_evaluacion`
--
ALTER TABLE `t_evaluacion`
  ADD CONSTRAINT `FK_8AB8F72324BE01DC` FOREIGN KEY (`id_curso`) REFERENCES `t_curso` (`id_curso`);

--
-- Filtros para la tabla `t_inscripcion`
--
ALTER TABLE `t_inscripcion`
  ADD CONSTRAINT `FK_t_inscripcion_t_curso` FOREIGN KEY (`id_curso`) REFERENCES `t_curso` (`id_curso`),
  ADD CONSTRAINT `FK_t_inscripcion_t_estado` FOREIGN KEY (`id_estado`) REFERENCES `t_estado` (`id_estado`),
  ADD CONSTRAINT `FK_t_inscripcion_t_estudiante` FOREIGN KEY (`id_estudiante`) REFERENCES `t_estudiante` (`id_estudiante`),
  ADD CONSTRAINT `FK_t_inscripcion_t_usuario` FOREIGN KEY (`id_usuario`) REFERENCES `t_usuario` (`id_usuario`);

--
-- Filtros para la tabla `t_pregunta`
--
ALTER TABLE `t_pregunta`
  ADD CONSTRAINT `FK_7A01FDAD7B674A84` FOREIGN KEY (`id_evaluacion`) REFERENCES `t_evaluacion` (`id_evaluacion`);

--
-- Filtros para la tabla `t_respuesta`
--
ALTER TABLE `t_respuesta`
  ADD CONSTRAINT `FK_E7049C187B674A84` FOREIGN KEY (`id_evaluacion`) REFERENCES `t_evaluacion` (`id_evaluacion`),
  ADD CONSTRAINT `FK_E7049C188B4C5407` FOREIGN KEY (`id_inscripcion`) REFERENCES `t_inscripcion` (`id_inscripcion`),
  ADD CONSTRAINT `FK_E7049C18FE3B0D62` FOREIGN KEY (`id_pregunta`) REFERENCES `t_pregunta` (`id_pregunta`);
COMMIT;

